{"id":17464,"date":"2014-08-10T09:53:58","date_gmt":"2014-08-10T09:53:58","guid":{"rendered":"http:\/\/helseforhandleren.no\/butikk\/ukategorisert\/re-lux-ii\/"},"modified":"2024-04-05T09:24:39","modified_gmt":"2024-04-05T09:24:39","slug":"re-lux-ii","status":"publish","type":"product","link":"https:\/\/helseforhandleren.no\/de\/geschaeft\/gesundheit-de\/energimedisin-de\/re-lux-de\/re-lux-ii\/","title":{"rendered":"RE LUX II"},"content":{"rendered":"<h3>Detailinformationen<\/h3>\n<h4>Inhaltsstoffe<\/h4>\n<p>Silicium, Magnesium, Bienenwachs, Gold, Tonholz Fichte<\/p>\n<h4>Ma\u00dfe<\/h4>\n<p>17 x 17 x 5,5 cm<\/p>\n<p>\u00a0<\/p>\n<div class=\"c50l col_1 first\">\n<div class=\"subcl\">\n<div class=\"ce_text block\">\n<h3>Funktion und Anwendung<\/h3>\n<p>Das Re Lux II Ger\u00e4t ist einsetzbar bei von au\u00dfen eindringenden Funkfeldern, wie auch bei hausintern hervorgerufenem Elektrosmog.<\/p>\n<p>Durch unsere Re Lux Produkte werden keine Strahlen abgeschirmt oder reflektiert. Um dem Elektrosmog entgegen zu wirken, wird dem K\u00f6rper ein vitalisierendes, ausgleichendes und weitendes Energiefeld zur Verf\u00fcgung gestellt.<\/p>\n<p>Zur Anwendung in Schlaf- und Wohnr\u00e4umen, Schulen, sowie an Arbeitspl\u00e4tzen mit Computern und anderen elektrischen Ger\u00e4ten. Das Re Lux II Ger\u00e4t ist leicht zu transportieren und daher ideal um es auf Reisen und bei ausw\u00e4rtigen \u00dcbernachtungen mitzunehmen.<\/p>\n<p>Das Energiefeld der Re Lux II Ger\u00e4tes kann einen ganzen Raum erf\u00fcllen, entfaltet jedoch seine st\u00e4rkste Wirksamkeit innerhalb einer Entfernung von etwa 3 m. Als Erg\u00e4nzung hat sich das Streichen der W\u00e4nde mit <a title=\"Elektrosmog-Minderung durch spezielle Wandfarbe\" href=\"http:\/\/www.re-lux.eu\/artikeldetails\/kategorie\/re-lux\/artikel\/re-lux-ii-kopie.html\">RE LUX Gesteinsmehl<\/a> bew\u00e4hrt. Bei starker Elektrosmogbelastung empfehlen wir, anstelle des Re Lux II Ger\u00e4tes unser neu entwickeltes und sehr viel st\u00e4rkeres Re Lux III Ger\u00e4t einzusetzen.<\/p>\n<\/div>\n<\/div>\n<\/div>\n<div class=\"mod_colsetPart c50r col_2 last\">\n<div class=\"subcr\">\n<div class=\"ce_image block\">\n<figure class=\"image_container\"><img class=\"lazyload\" decoding=\"async\" title=\"Re Lux Schutz vor Elektrosmog\" src=\"data:image\/svg+xml,%3Csvg%20xmlns%3D%27http%3A%2F%2Fwww.w3.org%2F2000%2Fsvg%27%20width%3D%27500%27%20height%3D%27304%27%20viewBox%3D%270%200%20500%20304%27%3E%3Crect%20width%3D%27500%27%20height%3D%27304%27%20fill-opacity%3D%220%22%2F%3E%3C%2Fsvg%3E\" data-orig-src=\"http:\/\/www.re-lux.eu\/tl_files\/relux\/files\/images\/allgemein\/re-lux-ii-anwendungsbeispiel.jpg\" alt=\"Re Lux Schutz vor Elektrosmog\" width=\"500\" height=\"304\" \/><\/figure>\n<\/div>\n<\/div>\n<\/div>\n","protected":false},"excerpt":{"rendered":"<p>Detailinformationen Inhaltsstoffe Silicium, Magnesium, Bienenwachs, Gold, Tonholz Fichte Ma\u00dfe 17  [&#8230;]<\/p>\n","protected":false},"featured_media":81575,"comment_status":"closed","ping_status":"closed","template":"","meta":[],"product_brand":[],"product_cat":[1749,1184],"product_tag":[560,561,562,563,564,803,565,804,566,567,568,569,805,570,806,571,807,808,572],"class_list":{"0":"post-17464","1":"product","2":"type-product","3":"status-publish","4":"has-post-thumbnail","6":"product_cat-re-lux-de","7":"product_cat-re-lux-nb-de","8":"product_tag-alternativ-de","9":"product_tag-alternativ-helse-de","10":"product_tag-amulett-de","11":"product_tag-amulett-alternativ-eter-relux-findeisen-straling-antroposofi-orgon-energi-de","12":"product_tag-antroposofi-de","13":"product_tag-energetisk-skjerming-de","14":"product_tag-energi-de","15":"product_tag-energimedisin-de","16":"product_tag-eter-de","17":"product_tag-eterteknologi-de","18":"product_tag-findeisen-de","19":"product_tag-findeisen-straling-antroposofi-orgon-energi-de","20":"product_tag-gesundheit-de","21":"product_tag-orgon-de","22":"product_tag-re-lux-nb-de","23":"product_tag-relux-de","24":"product_tag-skjerming-alternativ-de","25":"product_tag-strahlung-emf-de","26":"product_tag-straling-de","28":"first","29":"onbackorder","30":"taxable","31":"shipping-taxable","32":"purchasable","33":"product-type-simple"},"_links":{"self":[{"href":"https:\/\/helseforhandleren.no\/de\/wp-json\/wp\/v2\/product\/17464","targetHints":{"allow":["GET"]}}],"collection":[{"href":"https:\/\/helseforhandleren.no\/de\/wp-json\/wp\/v2\/product"}],"about":[{"href":"https:\/\/helseforhandleren.no\/de\/wp-json\/wp\/v2\/types\/product"}],"replies":[{"embeddable":true,"href":"https:\/\/helseforhandleren.no\/de\/wp-json\/wp\/v2\/comments?post=17464"}],"wp:featuredmedia":[{"embeddable":true,"href":"https:\/\/helseforhandleren.no\/de\/wp-json\/wp\/v2\/media\/81575"}],"wp:attachment":[{"href":"https:\/\/helseforhandleren.no\/de\/wp-json\/wp\/v2\/media?parent=17464"}],"wp:term":[{"taxonomy":"product_brand","embeddable":true,"href":"https:\/\/helseforhandleren.no\/de\/wp-json\/wp\/v2\/product_brand?post=17464"},{"taxonomy":"product_cat","embeddable":true,"href":"https:\/\/helseforhandleren.no\/de\/wp-json\/wp\/v2\/product_cat?post=17464"},{"taxonomy":"product_tag","embeddable":true,"href":"https:\/\/helseforhandleren.no\/de\/wp-json\/wp\/v2\/product_tag?post=17464"}],"curies":[{"name":"wp","href":"https:\/\/api.w.org\/{rel}","templated":true}]}}

<h3>Detailinformationen</h3>
<h4>Inhaltsstoffe</h4>
<p>Silicium, Magnesium, Bienenwachs, Gold, Tonholz Fichte</p>
<h4>Maße</h4>
<p>17 x 17 x 5,5 cm</p>
<p> </p>
<div class="c50l col_1 first">
<div class="subcl">
<div class="ce_text block">
<h3>Funktion und Anwendung</h3>
<p>Das Re Lux II Gerät ist einsetzbar bei von außen eindringenden Funkfeldern, wie auch bei hausintern hervorgerufenem Elektrosmog.</p>
<p>Durch unsere Re Lux Produkte werden keine Strahlen abgeschirmt oder reflektiert. Um dem Elektrosmog entgegen zu wirken, wird dem Körper ein vitalisierendes, ausgleichendes und weitendes Energiefeld zur Verfügung gestellt.</p>
<p>Zur Anwendung in Schlaf- und Wohnräumen, Schulen, sowie an Arbeitsplätzen mit Computern und anderen elektrischen Geräten. Das Re Lux II Gerät ist leicht zu transportieren und daher ideal um es auf Reisen und bei auswärtigen Übernachtungen mitzunehmen.</p>
<p>Das Energiefeld der Re Lux II Gerätes kann einen ganzen Raum erfüllen, entfaltet jedoch seine stärkste Wirksamkeit innerhalb einer Entfernung von etwa 3 m. Als Ergänzung hat sich das Streichen der Wände mit <a title="Elektrosmog-Minderung durch spezielle Wandfarbe" href="http://www.re-lux.eu/artikeldetails/kategorie/re-lux/artikel/re-lux-ii-kopie.html">RE LUX Gesteinsmehl</a> bewährt. Bei starker Elektrosmogbelastung empfehlen wir, anstelle des Re Lux II Gerätes unser neu entwickeltes und sehr viel stärkeres Re Lux III Gerät einzusetzen.</p>
</div>
</div>
</div>
<div class="mod_colsetPart c50r col_2 last">
<div class="subcr">
<div class="ce_image block">
<figure class="image_container"><img class="lazyload" decoding="async" title="Re Lux Schutz vor Elektrosmog" src="data:image/svg+xml,%3Csvg%20xmlns%3D%27http%3A%2F%2Fwww.w3.org%2F2000%2Fsvg%27%20width%3D%27500%27%20height%3D%27304%27%20viewBox%3D%270%200%20500%20304%27%3E%3Crect%20width%3D%27500%27%20height%3D%27304%27%20fill-opacity%3D%220%22%2F%3E%3C%2Fsvg%3E" data-orig-src="http://www.re-lux.eu/tl_files/relux/files/images/allgemein/re-lux-ii-anwendungsbeispiel.jpg" alt="Re Lux Schutz vor Elektrosmog" width="500" height="304" /></figure>
</div>
</div>
</div>

<p>Detailinformationen Inhaltsstoffe Silicium, Magnesium, Bienenwachs, Gold, Tonholz Fichte Maße 17  [&#8230;]</p>
