{"id":32556,"date":"2014-08-10T10:00:46","date_gmt":"2014-08-10T10:00:46","guid":{"rendered":"http:\/\/helseforhandleren.no\/butikk\/uncategorized\/abschirmendes-kopftuch-aus-steel-gray-tkg\/"},"modified":"2024-04-05T09:28:10","modified_gmt":"2024-04-05T09:28:10","slug":"abschirmendes-kopftuch-aus-steel-gray-tkg","status":"publish","type":"product","link":"https:\/\/helseforhandleren.no\/de\/geschaeft\/abschirmung\/kleidung-de\/kopfbedeckung\/abschirmendes-kopftuch-aus-steel-gray-tkg\/","title":{"rendered":"Abschirmendes Kopftuch aus Steel-Gray TKG"},"content":{"rendered":"<ul class=\"description_properties\">\n<li class=\"article_properties\"><span class=\"property_value\"><strong>Schirmd\u00e4mpfung:<\/strong> Alle Schirmd\u00e4mpfungswerte gelten bei 1 GHz. Messung nach ASTM D4935-10, IEEE Std 299-2006, IEEEE Std 1128-1998, ASTM A698\/A698M-07.<br \/>\n<\/span><\/li>\n<li class=\"article_properties\"><span class=\"property_value\"><strong>Stoffpflege:<\/strong> Waschen schonend bei 30\u00b0C, B\u00fcgeln ohne Dampf bei Stufe 1, Trocknen bei geringer Temperatur, Nicht bleichen, Keine chemische Reinigung.<br \/>\n<\/span><\/li>\n<li class=\"article_properties\"><span class=\"property_value\"><strong>Anwendung:<\/strong> Bekleidung, Unterwegs<\/span><\/li>\n<li class=\"article_properties\"><span class=\"property_value\"><strong>Feldart:<\/strong> HF (Hochfrequenz), NF (Niederfrequenz)<\/span><\/li>\n<li class=\"article_properties\"><span class=\"property_value\"><strong>Schirmung:<\/strong> Hoch (30 bis 60 dB)<\/span><\/li>\n<li class=\"article_properties\"><span class=\"property_value\"><strong>\u00d6kologie:<\/strong> Normal<\/span><\/li>\n<li class=\"article_properties\"><span class=\"property_value\"><strong>Farbe:<\/strong> Grau<\/span><\/li>\n<\/ul>\n<p>Abschirmendes Kopftuch aus <strong>Steel-Gray<\/strong>, dreieckig als klassisches Kopftuch, quadratisch als Bandana. Hochwertige Verarbeitung und Qualit\u00e4t.<\/p>\n<p><strong>Stabil und langlebig!<\/strong> Steel-Gray ist wegen der Edelstahlf\u00e4den <strong>nicht so weich auf der Haut<\/strong>, vergleichbar mit einem leicht kratzigen Wollpulli. Als Kopftuch \u00fcber den Haaren getragen st\u00f6rt das aber nicht! Aufgrund der beidseitig elektrisch leitf\u00e4higen Oberfl\u00e4che und den Kontakt zum K\u00f6rper, k\u00f6nnen niederfrequente Felder weniger ankoppeln und besser abgeleitet werden. Viele Elektrosensible empfinden das als besser wie mit nicht erdbaren Stoffen!<\/p>\n<h4>Technische Daten<\/h4>\n<ul>\n<li><strong>Gr\u00f6\u00dfe Dreieckig<\/strong>: 120 x 85 x 85 cm<\/li>\n<li><strong>Gr\u00f6\u00dfe Quadratisch<\/strong>: 70 x 70 cm<\/li>\n<li>Farbe: Grau<\/li>\n<li>Schirmd\u00e4mpfung: 35 dB<\/li>\n<li>Rohstoffe: 40 % Baumwolle, 30 % Polyester, 30 % Edelstahl<\/li>\n<\/ul>\n","protected":false},"excerpt":{"rendered":"<p>Kopftuch (dreieckig oder quadratisch) aus Steel-Gray, 35 dB Schirmd\u00e4mpfung.<\/p>\n<h4>Downloads<br \/>\n<a href=\"http:\/\/helseforhandleren.no\/wp-content\/uploads\/2014\/08\/y-STEELGRAY-DB-1.pdf\">Gutachten Abschirmung<\/a><br \/>\n<a href=\"http:\/\/helseforhandleren.no\/wp-content\/uploads\/2014\/08\/YSHIELD-Textilien-GER.pdf\">Katalogseiten<\/a><\/h4>\n","protected":false},"featured_media":81860,"comment_status":"closed","ping_status":"closed","template":"","meta":[],"product_brand":[],"product_cat":[1035],"product_tag":[1292,1275],"class_list":{"0":"post-32556","1":"product","2":"type-product","3":"status-publish","4":"has-post-thumbnail","6":"product_cat-kopfbedeckung","7":"product_tag-skjermende-klaer-2","8":"product_tag-skjerming-2","10":"first","11":"instock","12":"purchasable","13":"product-type-variable"},"_links":{"self":[{"href":"https:\/\/helseforhandleren.no\/de\/wp-json\/wp\/v2\/product\/32556","targetHints":{"allow":["GET"]}}],"collection":[{"href":"https:\/\/helseforhandleren.no\/de\/wp-json\/wp\/v2\/product"}],"about":[{"href":"https:\/\/helseforhandleren.no\/de\/wp-json\/wp\/v2\/types\/product"}],"replies":[{"embeddable":true,"href":"https:\/\/helseforhandleren.no\/de\/wp-json\/wp\/v2\/comments?post=32556"}],"wp:featuredmedia":[{"embeddable":true,"href":"https:\/\/helseforhandleren.no\/de\/wp-json\/wp\/v2\/media\/81860"}],"wp:attachment":[{"href":"https:\/\/helseforhandleren.no\/de\/wp-json\/wp\/v2\/media?parent=32556"}],"wp:term":[{"taxonomy":"product_brand","embeddable":true,"href":"https:\/\/helseforhandleren.no\/de\/wp-json\/wp\/v2\/product_brand?post=32556"},{"taxonomy":"product_cat","embeddable":true,"href":"https:\/\/helseforhandleren.no\/de\/wp-json\/wp\/v2\/product_cat?post=32556"},{"taxonomy":"product_tag","embeddable":true,"href":"https:\/\/helseforhandleren.no\/de\/wp-json\/wp\/v2\/product_tag?post=32556"}],"curies":[{"name":"wp","href":"https:\/\/api.w.org\/{rel}","templated":true}]}}

<ul class="description_properties">
<li class="article_properties"><span class="property_value"><strong>Schirmdämpfung:</strong> Alle Schirmdämpfungswerte gelten bei 1 GHz. Messung nach ASTM D4935-10, IEEE Std 299-2006, IEEEE Std 1128-1998, ASTM A698/A698M-07.<br />
</span></li>
<li class="article_properties"><span class="property_value"><strong>Stoffpflege:</strong> Waschen schonend bei 30°C, Bügeln ohne Dampf bei Stufe 1, Trocknen bei geringer Temperatur, Nicht bleichen, Keine chemische Reinigung.<br />
</span></li>
<li class="article_properties"><span class="property_value"><strong>Anwendung:</strong> Bekleidung, Unterwegs</span></li>
<li class="article_properties"><span class="property_value"><strong>Feldart:</strong> HF (Hochfrequenz), NF (Niederfrequenz)</span></li>
<li class="article_properties"><span class="property_value"><strong>Schirmung:</strong> Hoch (30 bis 60 dB)</span></li>
<li class="article_properties"><span class="property_value"><strong>Ökologie:</strong> Normal</span></li>
<li class="article_properties"><span class="property_value"><strong>Farbe:</strong> Grau</span></li>
</ul>
<p>Abschirmendes Kopftuch aus <strong>Steel-Gray</strong>, dreieckig als klassisches Kopftuch, quadratisch als Bandana. Hochwertige Verarbeitung und Qualität.</p>
<p><strong>Stabil und langlebig!</strong> Steel-Gray ist wegen der Edelstahlfäden <strong>nicht so weich auf der Haut</strong>, vergleichbar mit einem leicht kratzigen Wollpulli. Als Kopftuch über den Haaren getragen stört das aber nicht! Aufgrund der beidseitig elektrisch leitfähigen Oberfläche und den Kontakt zum Körper, können niederfrequente Felder weniger ankoppeln und besser abgeleitet werden. Viele Elektrosensible empfinden das als besser wie mit nicht erdbaren Stoffen!</p>
<h4>Technische Daten</h4>
<ul>
<li><strong>Größe Dreieckig</strong>: 120 x 85 x 85 cm</li>
<li><strong>Größe Quadratisch</strong>: 70 x 70 cm</li>
<li>Farbe: Grau</li>
<li>Schirmdämpfung: 35 dB</li>
<li>Rohstoffe: 40 % Baumwolle, 30 % Polyester, 30 % Edelstahl</li>
</ul>

<p>Kopftuch (dreieckig oder quadratisch) aus Steel-Gray, 35 dB Schirmdämpfung.</p>
<h4>Downloads<br />
<a href="http://helseforhandleren.no/wp-content/uploads/2014/08/y-STEELGRAY-DB-1.pdf">Gutachten Abschirmung</a><br />
<a href="http://helseforhandleren.no/wp-content/uploads/2014/08/YSHIELD-Textilien-GER.pdf">Katalogseiten</a></h4>
